of 88604579?
5
What is the millions digit of 236547013?
6
What is the millions digit of 41214006?
1
What is the ten millions digit of 1370796647?
7
What is the hundred thousands digit of 8761609?
7
What is the thousands digit of 5804533785?
3
What is the hundred thousands digit of 46136343?
1
What is the ten thousands digit of 77257164?
5
What is the millions digit of 94383158?
4
What is the ten millions digit of 101043776?
0
What is the millions digit of 79201726?
9
What is the hundred thousands digit of 95691004?
6
What is the ten millions digit of 69849835?
6
What is the units digit of 703396605?
5
What is the hundreds digit of 1030836519?
5
What is the ten thousands digit of 34844015?
4
What is the millions digit of 108206504?
8
What is the millions digit of 878151806?
8
What is the tens digit of 471838275?
7
What is the hundred thousands digit of 21594461?
5
What is the ten thousands digit of 126999640?
9
What is the hundred thousands digit of 228477543?
4
What is the ten thousands digit of 40527253?
2
What is the ten millions digit of 1672127762?
7
What is the tens digit of 1702991656?
5
What is the ten millions digit of 1672692234?
7
What is the units digit of 1254615374?
4
What is the units digit of 26252904?
4
What is the millions digit of 197066988?
7
What is the ten millions digit of 475723209?
7
What is the thousands digit of 4349917437?
7
What is the ten thousands digit of 3254529770?
2
What is the hundred millions digit of 140513363?
1
What is the hundreds digit of 51749179?
1
What is the ten thousands digit of 61764782?
6
What is the billions digit of 1385447402?
1
What is the units digit of 377992521?
1
What is the hundred millions digit of 8910098924?
9
What is the tens digit of 786654296?
9
What is the tens digit of 96881510?
1
What is the units digit of 1095050527?
7
What is the units digit of 24041327?
7
What is the tens digit of 453411734?
3
What is the ten millions digit of 590413550?
9
What is the thousands digit of 534975732?
5
What is the ten millions digit of 1706437756?
0
What is the billions digit of 5254217520?
5
What is the billions digit of 3166868106?
3
What is the hundred millions digit of 3678174158?
6
What is the ten millions digit of 56774606?
5
What is the millions digit of 3018087544?
8
What is the millions digit of 5586240?
5
What is the millions digit of 133931707?
3
What is the hundred thousands digit of 147276855?
2
What is the ten thousands digit of 199706284?
0
What is the ten millions digit of 78191071?
7
What is the ten millions digit of 160738267?
6
What is the hundreds digit of 300051023?
0
What is the hundreds digit of 172796494?
4
What is the millions digit of 211025039?
1
What is the hundreds digit of 146636924?
9
What is the tens digit of 13442844?
4
What is the ten millions digit of 44176209?
4
What is the units digit of 54210030?
0
What is the hundred thousands digit of 381229425?
2
What is the thousands digit of 4396287157?
7
What is the tens digit of 149698419?
1
What is the tens digit of 156923262?
6
What is the ten thousands digit of 1361513518?
1
What is the ten thousands digit of 43950918?
5
What is the millions digit of 239357004?
9
What is the hundreds digit of 169603182?
1
What is the ten thousands digit of 15857133?
5
What is the billions digit of 1594438221?
1
What is the units digit of 4723438426?
6
What is the millions digit of 60048032?
0
What is the thousands digit of 495838185?
8
What is the tens digit of 103225840?
4
What is the ten thousands digit of 213151484?
5
What is the ten millions digit of 158046968?
5
What is the thousands digit of 76926624?
6
What is the ten millions digit of 3305228516?
0
What is the units digit of 1308735928?
8
What is the units digit of 394290450?
0
What is the hundred thousands digit of 14736431?
7
What is the tens digit of 20256927?
2
What is the hundred millions digit of 3647272464?
6
What is the millions digit of 4320391396?
0
What is the tens digit of 207209077?
7
What is the tens digit of 50221366?
6
What is the hundreds digit of 3224915222?
2
What is the billions digit of 2056425487?
2
What is the ten thousands digit of 131569373?
6
What is the hundred thousands digit of 456856718?
8
What is the thousands digit of 700915494?
5
What is the millions digit of 220928508?
0
What is the hundred thousands digit of 107103189?
1
What is the thousands digit of 419188456?
8
What is the ten thousands digit of 145153923?
5
What is the ten millions digit of 682197655?
8
What is the thousands digit of 171215568?
5
What is the ten millions digit of 131917491?
3
What is the millions digit of 1373792044?
3
What is the hundreds digit of 631914744?
7
What is the billions digit of 2437037952?
2
What is the thousands digit of 7874832?
4
What is the ten thousands digit of 312182630?
8
What is the tens digit of 34648971?
7
What is the thousands digit of 1589791458?
1
What is the thousands digit of 23839172?
9
What is the ten millions digit of 139926370?
3
What is the thousands digit of 403792384?
2
What is the millions digit of 331002665?
1
What is the hundred thousands digit of 49632175?
6
What is the hundred millions digit of 105978046?
1
What is the tens digit of 176389855?
5
What is the millions digit of 34669727?
4
What is the millions digit of 499822915?
9
What is the units digit of 3700528410?
0
What is the hundred thousands digit of 36908893?
9
What is the hundreds digit of 353353?
3
What is the hundreds digit of 49705130?
1
What is the tens digit of 294912818?
1
What is the tens digit of 163921975?
7
What is the ten thousands digit of 81169462?
6
What is the hundred millions digit of 339710481?
3
What is the ten millions digit of 128573172?
2
What is the units digit of 725689516?
6
What is the millions digit of 278766739?
8
What is the thousands digit of 88957403?
7
What is the hundreds digit of 1723275857?
8
What is the hundred thousands digit of 2720714526?
7
What is the millions digit of 2991852787?
1
What is the ten millions digit of 16114331?
1
What is the tens digit of 147038528?
2
What is the hundreds digit of 43428390?
3
What is the millions digit of 59447674?
9
What is the ten millions digit of 31826281?
3
What is the tens digit of 10859199?
9
What is the ten millions digit of 3228768521?
2
What is the thousands digit of 999766357?
6
What is the millions digit of 229297527?
9
What is the hundred thousands digit of 2928677041?
6
What is the units digit of 174854557?
7
What is the hundreds digit of 33367421?
4
What is the thousands digit of 847088908?
8
What is the units digit of 420539598?
8
What is the millions digit of 258305121?
8
What is the thousands digit of 4595549039?
9
What is the tens digit of 326161962?
6
What is the billions digit of 1820852275?
1
What is the hundred millions digit of 956499126?
9
What is the hundred thousands digit of 4011626?
0
What is the units digit of 47329653?
3
What is the hundreds digit of 606092242?
2
What is the tens digit of 596929702?
0
What is the ten millions digit of 62415497?
6
What is the ten millions digit of 961558593?
6
What is the hundreds digit of 972424244?
2
What is the units digit of 31616593?
3
What is the ten millions digit of 74684196?
7
What is the ten millions digit of 3192527434?
9
What is the ten millions digit of 1877707068?
7
What is the units digit of 218683418?
8
What is the ten millions digit of 41118871?
4
What is the ten thousands digit of 12799997?
9
What is the ten millions digit of 5974313991?
7
What is the ten millions digit of 105120084?
0
What is the hundred thousands digit of 32475553?
4
What is the hundred thousands digit of 414030418?
0
What is the units digit of 112377100?
0
What is the millions digit of 27091746?
7
What is the hundred thousands digit of 17916077?
9
What is the ten thousands digit of 669172426?
7
What is the ten millions digit of 10669300?
1
What is the ten millions digit of 406971478?
0
What is the hundred millions digit of 406584670?
4
What is the hundred thousands digit of 63255437?
2
What is the hundred millions digit of 191437115?
1
What is the tens digit of 10958968?
6
What is the hundred thousands digit of 13840042?
8
What is the thousands digit of 49783707?
3
What is the tens digit of 4080554?
5
What is the ten millions digit of 118698605